- 11. Suppose a = -0*i + 4*i - 176. What is the remainder when i is divided by 15?
14
Suppose 29 = -4*z + 161. Calculate the remainder when 17 is divided by 1/(-3) - (-143)/z.
1
Suppose -13 = w - 9. Let a(v) = -v**3 + 4*v**2 - 2*v - 2. Let y be a(3). What is the remainder when 15 is divided by (w*(1 + -3))/y?
7
Let c(w) = 2*w**2 - 6*w + 3. Let v be 3*(-1 + 4) - 0. Let d be (-1)/2 + v/2. Calculate the remainder when 19 is divided by c(d).
8
Let z be 12 - (-2)/(2/(-2)). Let w = z + -6. Suppose 23 = u + w*r, 3*u - 42 = -4*r + r. What is the remainder when 31 is divided by u?
9
Suppose -5*z + 0*z = -20. Suppose -z = -3*t + t. Suppose -18 = -13*w + 7*w. Calculate the remainder when w is divided by t.
1
Let o = -29 + 71. Suppose -4*i + i = -o. Let f = -28 + 55. What is the remainder when f is divided by i?
13
What is the remainder when (-26)/(-8)*2*6 is divided by 10?
9
Suppose 5*b = 4*l - 63, 3*l - 2*b = -30 + 86. Calculate the remainder when l is divided by 7.
1
Calculate the remainder when (8/10)/(-4 + 684/170) is divided by 7.
6
Suppose 4*q - 7 - 1 = 0. Let s(y) = 8*y - 3. Let f(l) = 10*l**2 + 2*l + 1. What is the remainder when f(-2) is divided by s(q)?
11
Calculate the remainder when 44 is divided by 2 + (-8 - -3) + 26.
21
Suppose 1 = -5*t + 36. Let s = t + -5. What is the remainder when (8/5)/((-4)/(-10)) is divided by s?
0
Let m = -83 - -163. Calculate the remainder when m is divided by 21.
17
Let b be (-6)/(-21) + 52/14. Suppose -2*a + 22 = -y, 5 = 2*a + b*y + 3. Calculate the remainder when 26 - (2 - (-5 - -4)/(-1)) is divided by a.
7
What is the remainder when 4 is divided by (0/(-1) - -2) + 2?
0
Suppose -72*r + 71*r = -3. Calculate the remainder when r is divided by 1.
0
Suppose 5*k - 4 = 2*y, y = -0*y + 3*k - 3. Calculate the remainder when 9 is divided by y.
0
Let y(u) = -u**3 + 7*u**2 + 9*u + 6. Suppose -4*l + 16 = -0*l. Calculate the remainder when y(8) is divided by l.
2
Suppose -2*h = -2*s + 12, -2*h = -3*s - 0*h + 19. Let k = -1 - -2. Let d = k + 18. What is the remainder when d is divided by s?
5
Let h = -30 + 35. Suppose -5*t - 85 = -5*w - 25, 0 = -4*w - 4*t + 48. Calculate the remainder when w is divided by h.
2
Calculate the remainder when 20 is divided by (3 - (-20)/(-6))/(2/(-42)).
6
Let v(d) = 5*d - 2 - 1 - 4*d + d**2. Calculate the remainder when v(-4) is divided by ((-24)/20)/(6/(-20)).
1
Suppose -5*o = 5*w, 4*o + 3*w + 30 = 5*w. Let g = 10 + o. What is the remainder when 8 is divided by g?
3
What is the remainder when (-3)/9 - (-92)/6 is divided by ((-56)/49)/(2/(-14))?
7
Let d(s) = 7*s**2 - s - 2. Calculate the remainder when d(-4) is divided by 29.
27
Let u = 11 - 8. Calculate the remainder when u is divided by 1.
0
Let v be 6*(-1 + 6/4). Suppose 0 = -5*d + v*d + 62. Calculate the remainder when 60 is divided by d.
29
Suppose 31*q - 29*q = 36. What is the remainder when 47 is divided by q?
11
Suppose -44 = 3*d - 2*z - 156, -44 = -d + 4*z. What is the remainder when d is divided by 13?
10
Suppose 12 = -2*h + a, h + a + a = -11. What is the remainder when 23 is divided by (12/7)/((-2)/h)?
5
Suppose -22 = -2*j - 8. Suppose -j = -s + 10. Calculate the remainder when 32 is divided by s.
15
Suppose 2*l + u = 10, 2*l + 0*u = -3*u + 18. What is the remainder when 5 is divided by l?
2
Suppose 28 = 2*w - v, w - 40 = -4*w - 5*v. Suppose 0*j + 7 = -j. Let n = j + w. What is the remainder when 9 is divided by n?
4
Let c be 14/(-49) + 68/(-7). Let j = c - -7. Let y(a) = -11*a - 2. What is the remainder when y(j) is divided by 16?
15
What is the remainder when 7 is divided by -1 + (-42)/(-36) + 10/12?
0
Let y = 5 - 2. Suppose -y*s + 2 + 34 = 0. What is the remainder when s is divided by 5?
2
Suppose 4*a + 3 - 11 = -v, -5*a = -2*v - 23. Suppose a + 3 = 3*g. Calculate the remainder when 2 is divided by g.
0
Suppose 25 = 2*w - w. Let s = w + -14. Calculate the remainder when (-1)/4 - 495/(-12) is divided by s.
8
Let m be (-10)/25 + 797/5. Suppose t = 5*b - b - m, -3*b - t + 114 = 0. Calculate the remainder when b is divided by 21.
18
Let x(q) = q**2 - q - 4. Let p be x(-3). Let d(g) = g**2 - 5*g - 4. Calculate the remainder when 38 is divided by d(p).
18
Suppose 2*i - 6*i + 20 = 0. Suppose 2*p + 31 = -i*o, -4*p - 11 = o + 6. Calculate the remainder when 5 is divided by 6/(-27)*p*3.
1
Let w = 49 - 2. Let n be 62*(-1)/4*-2. Let o = w - n. What is the remainder when o is divided by 9?
7
Suppose 18 = -3*f - 5*v + 51, v - 15 = -2*f. Calculate the remainder when 8 is divided by f.
2
Let b = -2 - -4. Suppose b = -o - 0*o. What is the remainder when (7/4)/(o/(-8)) is divided by 4?
3
Suppose 0 = 5*h - 27 - 43. What is the remainder when h is divided by 6?
2
Suppose 0 = 2*b - 3*f + 6, 3*f - 6 = -2*b + 12. Suppose 0 = 4*w - 5*o - 57, b*w + w - 4*o = 56. Calculate the remainder when 24 is divided by w.
11
Calculate the remainder when 43 is divided by (11/22)/(1/22).
10
Let l(d) = -2*d - 2. Calculate the remainder when 35 is divided by l(-7).
11
Let l(j) = -4*j - 4. Let f = 148 + -89. What is the remainder when f is divided by l(-4)?
11
Let m = 193 + -128. Calculate the remainder when m is divided by 17.
14
Let a = -340 - -355. Calculate the remainder when (2/(-4))/((-1)/86) is divided by a.
13
Let s(c) = 4*c**3 + c**2 - c. Let k be s(1). Suppose 0 = k*t - 5*r - 261, 141 = -0*t + 2*t + r. Calculate the remainder when t is divided by 18.
15
Let i = -2 - 18. Let l = 43 + i. What is the remainder when 89 is divided by l?
20
Let k(d) = 2*d**2 - 5*d - 3. Suppose 3*j = 4*c - 30, 5*c + 4*j = -0*j + 22. Let o be -4 + 3/c*2. Calculate the remainder when k(o) is divided by 16.
14
Suppose -2 = -i + 10. Calculate the remainder when 59 is divided by i.
11
Let q(b) = -b**3 - b**2 - b + 38. Suppose 0 = -7*s + 2*s. Calculate the remainder when q(s) is divided by 14.
10
Calculate the remainder when -1 - (-5)/((-15)/(-42)) is divided by 6 + 2 + -1 + -2.
3
Let p(q) = q**2 - q. Calculate the remainder when 45 is divided by p(4).
9
Suppose -6*x + 2*x = -4. Calculate the remainder when x is divided by (4/8)/(1/2).
0
Suppose -5*p + 2*q + 10 = -3*q, -2*p = -4*q. Suppose -p*t = -10 - 34. Calculate the remainder when t is divided by (18/(-4))/((-9)/12).
5
Let l(m) = 6*m - 12. What is the remainder when l(8) is divided by 372/20 - (-4)/10?
17
Suppose -24*o = -29*o + 600. Calculate the remainder when o is divided by 25.
20
Suppose -3*b = 2*b - 240. Let a = -142 - -152. Calculate the remainder when b is divided by a.
8
Let z be 2/4 + 14/(-4). Let b be (2 + z)/((-2)/2). Let t = 4 - b. Calculate the remainder when 7 is divided by t.
1
Let p be (-20)/(-10)*10/(-4). Let u = p - -15. Let i = -10 + 28. What is the remainder when i is divided by u?
8
Let x(h) = -3*h**2 + 6*h - 7. Let v be x(5). Let k = -26 - v. Calculate the remainder when k is divided by 14.
12
Suppose -2*d - 4*j = 2*d - 52, -2*d = -5*j - 26. Calculate the remainder when 24 is divided by d*(3 + -2 + 0).
11
Let t = 22 - -14. Calculate the remainder when 70 is divided by t.
34
Suppose -4*q + 10 + 2 = 0, -2*p + 32 = 2*q. Calculate the remainder when 38 is divided by p.
12
Let d(w) = 8*w - 1. Let h = -6 - -9. Let v = h - 2. Calculate the remainder when 12 is divided by d(v).
5
Suppose 4*g = 2*i - 23 - 33, 4*i = 3*g + 107. What is the remainder when 101 is divided by i?
23
Let b = -35 + 41. Calculate the remainder when 70 is divided by b.
4
Suppose i + 4*k - 100 = 3*k, k = -2*i + 198. What is the remainder when i is divided by 25?
23
Let g = -3 - -6. Suppose 4*j = 4*s - 96, s = -s - g*j + 23. Suppose 0 = -3*o - 2*o + 3*x + 41, 4*o - 32 = 2*x. What is the remainder when s is divided by o?
5
Suppose 4*p + 6 = -4*b + 18, -2*p = -5*b + 29. Let k(r) = 3*r + 2. What is the remainder when k(b) is divided by 9?
8
Suppose 0 = -3*v + 3, 4*l + 4*v - 94 = -l. Calculate the remainder when 160 is divided by l.
16
Suppose 3 = 5*g - 97. What is the remainder when 77 is divided by g?
17
Suppose -3*l = -307 + 91. Let t = l + -5. Calculate the remainder when t is divided by 1/(-2) + 517/22.
21
Let o = -81 - -90. Calculate the remainder when 134 is divided by o.
8
Suppose 7*b + 1368 = 19*b. Calculate the remainder when b is divided by 30.
24
Let c(q) = -q**2 + 20*q - 23. Calculate the remainder when c(15) is divided by 18.
16
Let l(x) b